the remainder when 56263 is divided by 56251?
12
What is the remainder when 10384 is divided by 53?
49
Calculate the remainder when 35047 is divided by 11676.
19
What is the remainder when 17425 is divided by 8690?
45
Calculate the remainder when 3898 is divided by 969.
22
What is the remainder when 21857 is divided by 51?
29
Calculate the remainder when 105730 is divided by 178.
176
Calculate the remainder when 893 is divided by 88.
13
What is the remainder when 245 is divided by 209?
36
Calculate the remainder when 85955 is divided by 42932.
91
What is the remainder when 3260153 is divided by 83?
79
What is the remainder when 44635 is divided by 22233?
169
What is the remainder when 34292 is divided by 245?
237
Calculate the remainder when 228427 is divided by 130.
17
What is the remainder when 13243 is divided by 66?
43
Calculate the remainder when 172802 is divided by 24685.
7
What is the remainder when 3521 is divided by 155?
111
What is the remainder when 84082 is divided by 84?
82
What is the remainder when 11162 is divided by 49?
39
Calculate the remainder when 6267 is divided by 2073.
48
Calculate the remainder when 14155 is divided by 60.
55
What is the remainder when 345466 is divided by 65?
56
What is the remainder when 8359 is divided by 3527?
1305
Calculate the remainder when 20597 is divided by 50.
47
What is the remainder when 1883 is divided by 548?
239
Calculate the remainder when 284812 is divided by 275.
187
Calculate the remainder when 14905 is divided by 133.
9
What is the remainder when 12167 is divided by 11480?
687
Calculate the remainder when 27422 is divided by 277.
276
Calculate the remainder when 61192 is divided by 102.
94
What is the remainder when 151515 is divided by 1098?
1089
Calculate the remainder when 1708 is divided by 557.
37
Calculate the remainder when 1044 is divided by 323.
75
Calculate the remainder when 5143 is divided by 39.
34
Calculate the remainder when 422 is divided by 142.
138
Calculate the remainder when 281720 is divided by 281720.
0
What is the remainder when 17243 is divided by 5644?
311
Calculate the remainder when 1421 is divided by 74.
15
Calculate the remainder when 25568 is divided by 3640.
88
Calculate the remainder when 5881 is divided by 365.
41
Calculate the remainder when 15926 is divided by 712.
262
Calculate the remainder when 104230 is divided by 103.
97
Calculate the remainder when 1185 is divided by 44.
41
Calculate the remainder when 827 is divided by 784.
43
Calculate the remainder when 7598 is divided by 638.
580
What is the remainder when 4945 is divided by 549?
4
What is the remainder when 10059 is divided by 2442?
291
Calculate the remainder when 137642 is divided by 291.
290
What is the remainder when 28718 is divided by 93?
74
Calculate the remainder when 15854 is divided by 7802.
250
Calculate the remainder when 10734 is divided by 2146.
4
Calculate the remainder when 1899 is divided by 662.
575
What is the remainder when 3332 is divided by 558?
542
What is the remainder when 89079 is divided by 136?
135
Calculate the remainder when 358 is divided by 239.
119
What is the remainder when 32094 is divided by 11?
7
Calculate the remainder when 75567 is divided by 165.
162
What is the remainder when 14368 is divided by 848?
800
Calculate the remainder when 829769 is divided by 54.
5
Calculate the remainder when 2307 is divided by 474.
411
What is the remainder when 4439 is divided by 19?
12
What is the remainder when 7657 is divided by 2546?
19
What is the remainder when 2474 is divided by 399?
80
Calculate the remainder when 423388 is divided by 15.
13
Calculate the remainder when 64673 is divided by 330.
323
What is the remainder when 43529 is divided by 3108?
17
Calculate the remainder when 2548508 is divided by 191.
186
Calculate the remainder when 5037 is divided by 314.
13
Calculate the remainder when 573138 is divided by 9244.
10
Calculate the remainder when 1235 is divided by 705.
530
What is the remainder when 73700 is divided by 90?
80
What is the remainder when 268360 is divided by 13418?
0
What is the remainder when 6153 is divided by 66?
15
Calculate the remainder when 115549 is divided by 57771.
7
What is the remainder when 4418 is divided by 4403?
15
What is the remainder when 6626 is divided by 3313?
0
Calculate the remainder when 4443 is divided by 7.
5
Calculate the remainder when 67129 is divided by 6078.
271
Calculate the remainder when 308486 is divided by 113.
109
Calculate the remainder when 2427 is divided by 362.
255
What is the remainder when 23440 is divided by 63?
4
Calculate the remainder when 3350 is divided by 184.
38
What is the remainder when 30975 is divided by 10191?
402
Calculate the remainder when 1205 is divided by 20.
5
What is the remainder when 32552 is divided by 3?
2
Calculate the remainder when 139745 is divided by 63.
11
What is the remainder when 12613 is divided by 269?
239
Calculate the remainder when 165868 is divided by 9.
7
What is the remainder when 23247 is divided by 1549?
12
What is the remainder when 78182 is divided by 9771?
14
What is the remainder when 53025 is divided by 646?
53
Calculate the remainder when 4696 is divided by 77.
76
Calculate the remainder when 18469 is divided by 63.
10
What is the remainder when 24561 is divided by 35?
26
Calculate the remainder when 22826 is divided by 219.
50
Calculate the remainder when 23958 is divided by 128.
22
What is the remainder when 155562 is divided by 178?
168
Calculate the remainder when 7229 is divided by 75.
29
What is the remainder when 10996 is divided by 202?
88
What is the remainder when 28149 is divided by 14033?
83
Calculate the remainder when 564 is divided by 78.
18
What is the remainder when 1891 is divided by 531?
298
Calculate the remainder when 778205 is divided by 8.
5
Calculate the remainder when 28697 is divided by 410.
407
Calculate the remainder when 249374 is divided by 25.
24
Calculate the remainder when 689615 is divided by 25.
15
Calculate the remainder when 7832 is divided by 313.
7
What is the remainder when 1387953 is divided by 46?
41
What is the remainder when 6565 is divided by 369?
292
What is the remainder when 392 is divided by 256?
136
What is the remainder when 1000 is divided by 144?
136
What is the remainder when 791353 is divided by 15?
13
What is the remainder when 7074 is divided by 707?
4
Calculate the remainder when 1294112 is divided by 20.
12
Calculate the remainder when 15984 is divided by 81.
27
Calculate the remainder when 102093 is divided by 127.
112
Calculate the remainder when 5797 is divided by 231.
22
Calculate the remainder when 8621 is divided by 480.
461
Calculate the remainder when 49667 is divided by 5512.
59
What is the remainder when 424859 is divided by 6341?
12
Calculate the remainder when 432 is divided by 136.
24
What is the remainder when 2336 is divided by 561?
92
Calculate the remainder when 1804 is divided by 22.
0
Calculate the remainder when 902 is divided by 870.
32
Calculate the remainder when 3972 is divided by 439.
21
Calculate the remainder when 25495 is divided by 126.
43
Calculate the remainder when 6678 is divided by 6648.
30
Calculate the remainder when 6033 is divided by 2479.
1075
Calculate the remainder when 20899 is divided by 3478.
31
Calculate the remainder when 50979 is divided by 12732.
51
What is the remainder when 137772 is divided by 729?
720
What is the remainder when 29478 is divided by 4211?
1
What is the remainder when 147164 is divided by 33?
17
What is the remainder when 2816 is divided by 485?
391
What is the remainder when 1460 is divided by 271?
105
What is the remainder when 581 is divided by 80?
21
Calculate the remainder when 41181 is divided by 94.
9
What is the remainder when 26512 is divided by 1034?
662
Calculate the remainder when 9879 is divided by 1768.
1039
What is the remainder when 1258165 is divided by 446?
445
What is the remainder when 7851 is divided by 1117?
32
What is the remainder when 491730 is divided by 40977?
6
Calculate the remainder when 520 is divided by 188.
144
What is the remainder when 18957 is divided by 40?
37
Calculate the remainder when 566 is divided by 61.
17
What is the remainder when 611637 is divided by 125?
12
Calculate